
3
What is the units digit of 52?
2
What is the tens digit of 1379?
7
What is the tens digit of 41007?
0
What is the hundreds digit of 32613?
6
What is the hundreds digit of 1559?
5
What is the units digit of 18?
8
What is the units digit of 416?
6
What is the thousands digit of 5595?
5
What is the hundreds digit of 6940?
9
What is the ten thousands digit of 21227?
2
What is the tens digit of 27962?
6
What is the hundreds digit of 517?
5
What is the units digit of 5986?
6
What is the hundreds digit of 823?
8
What is the hundreds digit of 65343?
3
What is the thousands digit of 28939?
8
What is the units digit of 95434?
4
What is the thousands digit of 11709?
1
What is the thousands digit of 1248?
1
What is the units digit of 1081?
1
What is the units digit of 5756?
6
What is the units digit of 993?
3
What is the thousands digit of 33885?
3
What is the units digit of 7605?
5
What is the tens digit of 821?
2
What is the thousands digit of 1878?
1
What is the ten thousands digit of 12882?
1
What is the hundreds digit of 280?
2
What is the thousands digit of 20704?
0
What is the thousands digit of 15630?
5
What is the tens digit of 814?
1
What is the tens digit of 5944?
4
What is the thousands digit of 41822?
1
What is the hundreds digit of 1585?
5
What is the tens digit of 5562?
6
What is the units digit of 3181?
1
What is the ten thousands digit of 77506?
7
What is the thousands digit of 5499?
5
What is the hundreds digit of 45156?
1
What is the tens digit of 106872?
7
What is the units digit of 1425?
5
What is the units digit of 577?
7
What is the hundreds digit of 3815?
8
What is the tens digit of 8892?
9
What is the units digit of 74040?
0
What is the tens digit of 91436?
3
What is the thousands digit of 6844?
6
What is the hundreds digit of 911?
9
What is the thousands digit of 24539?
4
What is the units digit of 2796?
6
What is the tens digit of 237?
3
What is the tens digit of 19005?
0
What is the units digit of 14783?
3
What is the tens digit of 6681?
8
What is the units digit of 3280?
0
What is the hundreds digit of 9170?
1
What is the tens digit of 42306?
0
What is the thousands digit of 26163?
6
What is the units digit of 79154?
4
What is the ten thousands digit of 10505?
1
What is the hundreds digit of 11622?
6
What is the hundreds digit of 344?
3
What is the hundreds digit of 4330?
3
What is the hundreds digit of 15138?
1
What is the thousands digit of 32066?
2
What is the ten thousands digit of 12711?
1
What is the hundreds digit of 5471?
4
What is the units digit of 4587?
7
What is the thousands digit of 2218?
2
What is the thousands digit of 14978?
4
What is the thousands digit of 6291?
6
What is the units digit of 61858?
8
What is the hundreds digit of 34631?
6
What is the hundreds digit of 6046?
0
What is the ten thousands digit of 75315?
7
What is the units digit of 600?
0
What is the thousands digit of 22175?
2
What is the tens digit of 4889?
8
What is the units digit of 8417?
7
What is the ten thousands digit of 21786?
2
What is the tens digit of 6089?
8
What is the thousands digit of 30737?
0
What is the ten thousands digit of 17460?
1
What is the hundreds digit of 15379?
3
What is the hundreds digit of 304?
3
What is the ten thousands digit of 18775?
1
What is the units digit of 42560?
0
What is the units digit of 8889?
9
What is the ten thousands digit of 29777?
2
What is the thousands digit of 22850?
2
What is the hundreds digit of 16968?
9
What is the units digit of 4646?
6
What is the thousands digit of 4080?
4
What is the hundreds digit of 394?
3
What is the tens digit of 785?
8
What is the hundreds digit of 20739?
7
What is the units digit of 33144?
4
What is the tens digit of 8369?
6
What is the hundreds digit of 15156?
1
What is the thousands digit of 1679?
1
What is the tens digit of 47035?
3
What is the units digit of 6652?
2
What is the units digit of 80?
0
What is the tens digit of 780?
8
What is the thousands digit of 1783?
1
What is the tens digit of 461?
6
What is the hundreds digit of 6643?
6
What is the units digit of 2026?
6
What is the thousands digit of 9499?
9
What is the units digit of 40034?
4
What is the hundreds digit of 46004?
0
What is the units digit of 36567?
7
What is the tens digit of 148996?
9
What is the hundreds digit of 2493?
4
What is the hundred thousands digit of 115176?
1
What is the hundreds digit of 156906?
9
What is the thousands digit of 11646?
1
What is the hundreds digit of 52030?
0
What is the units digit of 2258?
8
What is the tens digit of 239?
3
What is the tens digit of 2129?
2
What is the thousands digit of 3241?
3
What is the hundreds digit of 7909?
9
What is the tens digit of 19768?
6
What is the ten thousands digit of 22413?
2
What is the tens digit of 27640?
4
What is the thousands digit of 24266?
4
What is the thousands digit of 10470?
0
What is the units digit of 17?
7
What is the thousands digit of 6270?
6
What is the tens digit of 16408?
0
What is the units digit of 64135?
5
What is the tens digit of 2385?
8
What is the hundreds digit of 1366?
3
What is the hundreds digit of 841?
8
What is the tens digit of 297?
9
What is the thousands digit of 16981?
6
What is the units digit of 24200?
0
What is the ten thousands digit of 44977?
4
What is the tens digit of 76?
7
What is the hundreds digit of 6503?
5
What is the thousands digit of 69482?
9
What is the units digit of 9734?
4
What is the hundreds digit of 74736?
7
What is the hundreds digit of 13694?
6
What is the thousands digit of 100090?
0
What is the tens digit of 3093?
9
What is the hundreds digit of 417?
4
What is the tens digit of 56187?
8
What is the hundreds digit of 2825?
8
What is the hundreds digit of 469?
4
What is the tens digit of 1040?
4
What is the units digit of 3241?
1
What is the thousands digit of 22833?
2
What is the tens digit of 24502?
0
What is the ten thousands digit of 53664?
5
What is the tens digit of 4948?
4
What is the tens digit of 22184?
8
What is the thousands digit of 32186?
2
What is the units digit of 106680?
0
What is the ten thousands digit of 12399?
1
What is the hundreds digit of 3929?
9
What is the thousands digit of 12931?
2
What is the units digit of 1084?
4
What is the hundreds digit of 33071?
0
What is the tens digit of 4031?
3
What is the ten thousands digit of 20850?
2
What is the thousands digit of 8633?
8
What is the hundreds digit of 14119?
1
What is the hundreds digit of 653?
6
What is the thousands digit of 46667?
6
What is the units digit of 10632?
2
What is the tens digit of 42152?
5
What is the tens digit of 5244?
4
What is the units digit of 2691?
1
What is the tens digit of 13365?
6
What is the units digit of 24338?
8
What is the tens digit of 4709?
0
What is the tens digit of 1989?
8
What is the hundreds digit of 856?
8
What is the thousands digit of 1718?
1
What is the units digit of 28114?
4
What is the hundreds digit of 8802?
8
What is the ten thousands digit of 48674?
4
What is the units digit of 979?
9
What is the units digit of 27997?
7
What is the hundreds digit of 77866?
8
What is the hundreds digit of 6134?
1
What is the thousands digit of 2675?
2
What is the tens digit of 406?
0
What is the units digit of 2867?
7
What is the hundreds digit of 44912?
9
What is the units digit of 5114?
4
What is the tens digit of 1330?
3
What is the thousands digit of 10313?
0
What is the tens digit of 79455?
5
What is the tens digit of 666?
6
What is the units digit of 1286?
6
What is the ten thousands digit of 23029?
2
What is the tens digit of 1526?
2
What is the thousands digit of 12225?
2
What is the hundreds digit of 752?
7
What is the hundreds digit of 101377?
3
What is the units digit of 5390?
0
What is the hundreds digit of 22578?
5
What is the hundreds digit of 4440?
4
What is the tens digit of 18808?
0
What is the thousands digit of 11081?
1
What is the units digit of 518?
8
What is the hundreds digit of 5195?
1
What is the tens digit of 2064?
6
What is the ten thousands digit of 20019?
2
What is the units digit of 2617?
7
What is the hundreds digit of 32158?
1
What is the tens digit of 8559?
5
What is the tens digit of 2984?
8
What is the hundreds digit of 8903?
9
What is the tens digit of 1396?
9
What is the tens digit of 1073?
7
What is the hundreds 